 - 120 = 0. Suppose -5*w + 48 = -4*q, -11 + l = w - 5*q. Calculate the greatest common factor of 20 and w.
4
Let w = -194 - -112. Let g = -48 - w. What is the highest common divisor of 17 and g?
17
Let j(b) = 25*b**2. Let q(p) = p**2 + p - 1. Let x be q(-1). Let v be j(x). Suppose v = -3*r + 4*r. What is the highest common divisor of r and 10?
5
Suppose -5*d + 0*d = 4*b - 107, 0 = 5*d - 5*b - 125. Calculate the greatest common divisor of 23 and d.
23
Let z(v) = -2*v + 4. Let g be z(3). Let t be (-35)/(-3) - g/6. Suppose -88 - 32 = -5*b. Calculate the highest common divisor of b and t.
12
Suppose -2*j + 114 = 2*z, 0*j + 288 = 5*z + 4*j. What is the highest common divisor of z and 15?
15
Let o(d) = -2*d + 57. Let h be o(23). Calculate the greatest common divisor of h and 99.
11
Suppose f = 4*h - 3*f - 28, 4*f = -12. Suppose 2*l - h*i + 7*i - 46 = 0, 2*i + 77 = 5*l. What is the highest common factor of 119 and l?
17
Let w be 10 + -7 - (2 + 0). What is the highest common divisor of 2 and w?
1
Let c(j) = j - 9. Let w(g) = 2*g - 19. Let n(r) = -5*c(r) + 2*w(r). Let l be n(-8). Calculate the highest common divisor of l and 75.
15
Suppose -46 = q - 16. Let d = q - -67. Let r = d + -16. What is the greatest common divisor of r and 14?
7
Suppose 3*j + 44 = y, 0 = 4*y + 3*j - 161 - 45. What is the highest common factor of 20 and y?
10
Let p(a) = -6*a**3 + 4*a + 3. Let j be p(-1). What is the greatest common divisor of j and 95?
5
Suppose -8*s - 69 + 189 = 0. Let u(q) = q**2 + 2*q. Let k be u(3). What is the greatest common factor of k and s?
15
Let r(w) = 25*w - 1. Let v be r(4). Let o be 11/(-33) + 68/6. What is the highest common factor of v and o?
11
Let q(a) = a**2 - 10*a + 1. Let o = 15 - 5. Let z be q(o). What is the highest common factor of z and 8?
1
Let g(f) be the third derivative of f**5/60 - f**4/24 + 2*f**3/3 + 2*f**2. Let u = 8 - 5. Let p be g(u). What is the highest common divisor of p and 80?
10
Suppose 0 = -2*z - 0*z + 102. What is the highest common factor of z and 34?
17
Suppose 0 = 11*p - 362 + 98. Let v = -5 + 9. Suppose -3*h + 52 = g + 3*g, -g = 5*h + v. What is the highest common factor of g and p?
8
Let o be -2*66*1/(-1). Suppose 3*f = 6*f - o. Suppose 11*m = 21 + 23. What is the highest common divisor of f and m?
4
Let s(h) = -2*h - 10. Let a be s(-8). Let x = 31 - a. What is the greatest common divisor of x and 5?
5
Suppose -10 = -l - 3*x, 4 = 3*l - 2*x + 18. Let c be 54/12*l/(-3). Suppose -7 - c = -5*f. What is the greatest common divisor of f and 14?
2
Let b = -7 - -10. Let l be (-4)/12 - (-13)/b. Suppose 3*m + 18 + 10 = r, 56 = 4*r + 2*m. Calculate the greatest common factor of l and r.
4
Let q = 15 + -15. Let f(u) = u**2 - u + 11. Let g be f(q). Suppose 4 = -t + 5*t. Calculate the greatest common divisor of g and t.
1
Let x be ((-2 - -1) + 0)*-26. Let h = 36 - x. Calculate the greatest common divisor of h and 80.
10
Let f = -179 + 188. What is the highest common divisor of 207 and f?
9
Let g be 81 + 2 + (0 - 3). What is the greatest common divisor of g and 20?
20
Let s = -21 + 29. Let f(t) = -t**2 + 10*t - 12. Let k be f(s). Let w be 2*-8*1*-2. Calculate the highest common divisor of w and k.
4
Let p be (-2)/(-11) - 2730/(-231). Calculate the highest common factor of 4 and p.
4
Suppose -5*u - 1315 - 340 = -5*l, -4*l - 2*u + 1318 = 0. What is the highest common divisor of l and 30?
30
Let p be 6/(4 + 4 + -6). What is the greatest common factor of p and 1?
1
Suppose -g - g + 10 = 4*r, -4 = 2*g - 3*r. Let f be (g + -35)/(-7 - -5). What is the greatest common divisor of 187 and f?
17
Let g = 43 + -29. Calculate the highest common divisor of g and 112.
14
Suppose 0 = 2*c + 2*c - 88. Suppose 5*w + 21 = 3*i - 2*i, 3*i - 27 = -3*w. Calculate the greatest common divisor of c and i.
11
Let d be 132/3*(-18)/(-4). Suppose 2*t = -t + d. Suppose 0 = -q - 4, -5*b - 2*q = -q - 106. What is the highest common divisor of b and t?
22
Let u(q) = -5 + 0 + 7*q + 3 + 6 + 3*q**2. Let y be u(-6). Calculate the greatest common factor of y and 10.
10
Let u be ((-28)/6)/(36/(-270)). Calculate the greatest common divisor of u and 5.
5
Let n = 6 + -3. Suppose -2*u + 105 = n*u. Suppose -5*o - 7 + u = d, o = 2*d - 17. Calculate the highest common divisor of 45 and d.
9
Suppose g + l = 21, -2*g = 4*l - 10 - 28. Let d be (-2)/(-4) + (-79)/(-2). Let b = d - g. Calculate the highest common divisor of 34 and b.
17
Let g = 22 - 9. Suppose 4*y - 3*p + 0*p = 254, p = -y + 67. What is the greatest common divisor of g and y?
13
Let f = -20 - -21. Calculate the greatest common factor of f and 8.
1
Let u = 138 - 112. Calculate the highest common factor of u and 65.
13
Suppose 8*i - 88 = 6*i. Calculate the highest common divisor of i and 11.
11
Let w(u) = u**2 + 2*u + 6. Let h be w(0). What is the greatest common divisor of h and 66?
6
Let d(q) = 7*q**2 + 4*q - 15. Let v be d(-5). What is the highest common divisor of v and 20?
20
Let j = -3 + 4. Let d = 1 + j. Suppose -80 = -2*p - d*p. What is the greatest common divisor of 30 and p?
10
Suppose -4*a + 0*x + 5*x = -111, 3*a + 4*x = 60. Calculate the greatest common factor of 60 and a.
12
Let p(a) = 15*a - 6. Let q be p(1). Calculate the greatest common factor of 207 and q.
9
Let j be (-1)/3 + 8/(-3). Let u = 5 - 4. Let k = u - j. Calculate the highest common divisor of k and 20.
4
Let l be 3*(-1628)/(-24)*2. What is the greatest common factor of 37 and l?
37
Let k = -206 + 117. Let z = -61 + k. Let d = z + 250. What is the highest common divisor of 20 and d?
20
Suppose -5*v = -v - 24. Suppose -5*g - 2*l = -94, 3*g + 3*l = 5*l + 50. Calculate the highest common factor of v and g.
6
Let g = -223 - 80. Let b = g - -212. Let q = -63 - b. Calculate the highest common divisor of 4 and q.
4
Suppose 2*b - h + 4 - 61 = 0, -3*b + 75 = 2*h. Calculate the greatest common factor of 81 and b.
27
Suppose -2*m + 0*m + 26 = 0. Suppose 0 = 3*i - 5*i + 104. Calculate the greatest common factor of m and i.
13
Let c = 25 + 30. Suppose 2*k - c = -3*k. Calculate the highest common divisor of 99 and k.
11
Let p = -16 - -37. Calculate the greatest common divisor of p and 14.
7
Let b(h) = 2*h + 6. Let f be b(-6). Let w = 5 - f. Calculate the greatest common factor of 22 and w.
11
Let c = -6 + 8. Suppose w + 2*w - 30 = c*i, -3*i + 23 = 4*w. Calculate the highest common divisor of w and 1.
1
Let a(v) = 20*v - 3. Let h be a(1). Calculate the highest common factor of 68 and h.
17
Let a be -1*4/6 - (-41)/3. Calculate the greatest common factor of 143 and a.
13
Let g be 6 - 3/(-12)*-4. Let b(c) = c**3 + 5*c**2 - 2*c - 5. Let t be b(-5). What is the highest common divisor of t and g?
5
Let i(u) = 10*u**3 + 3*u**2. Let k be i(3). What is the highest common factor of 27 and k?
27
Let k be 9 + 4 + -3 + 0. Let r(n) = 2*n - 8. Let f be r(6). Suppose f*a = -4, -2*z + 20 - 4 = 4*a. What is the highest common divisor of z and k?
10
Suppose h + 144 = 2*h. Suppose -3*a = -a - h. Suppose -31 = -4*u + 41. What is the highest common divisor of u and a?
18
Let b(c) = c + 15. Let u be b(0). Let s be (8/(-10))/((-6)/1125). What is the highest common factor of u and s?
15
Let j(p) = 4*p**2 - 8*p + 7. Let o(g) = -9*g**2 + 16*g - 14. Let q(z) = -7*j(z) - 3*o(z). Let k be q(6). What is the highest common divisor of 2 and k?
1
Let k(v) = -v**3 + 6*v**2 + 6. Let d be k(5). Let f = d + 5. Suppose -4*a = -s - 9 - 2, -s + 5 = 0. Calculate the highest common factor of f and a.
4
Let w = 9 + -4. Suppose 5*c = -5, -2*s + 28 - 7 = -c. What is the greatest common divisor of s and w?
5
Suppose -8*s + 15 = -5*s. Suppose -s*x = -0*x - 60. What is the greatest common divisor of 96 and x?
12
Suppose 6*q = 5*q + 3. Suppose -q*r + 116 = -94. Let g be 2 + 1 + -5 + 16. Calculate the greatest common divisor of g and r.
14
Suppose u - 3*u + 150 = 0. Suppose 3*w = -3*h + 57, -2*h - 2*h + 64 = w. What is the highest common divisor of h and u?
15
Let g be 24/(-5)*(-1 + -4). Suppose -d + g = -0*d. Calculate the greatest common factor of 16 and d.
8
Suppose n - 2*n = -4*l - 73, 3*n - 134 = -5*l. Suppose 0 = 4*f - 247 - n. Calculate the greatest common factor of f and 50.
25
Let s(r) be the second derivative of 5*r**4/6 - r**3/2 + 2*r**2 - r. Let g be s(-4). What is the highest common factor 